{"id":25668,"date":"2026-02-10T12:05:34","date_gmt":"2026-02-10T09:05:34","guid":{"rendered":"https:\/\/www.turna.com\/blog\/?page_id=25668"},"modified":"2026-02-10T12:05:36","modified_gmt":"2026-02-10T09:05:36","slug":"sosyal-medya-paylasimi-aydinlatma-metni","status":"publish","type":"page","link":"https:\/\/www.turna.com\/blog\/sosyal-medya-paylasimi-aydinlatma-metni","title":{"rendered":"Sosyal Medya Payla\u015f\u0131m\u0131 Ayd\u0131nlatma Metni"},"content":{"rendered":"\n<p>Ayd\u0131nlatman\u0131n Amac\u0131 ve Veri Sorumlusu<\/p>\n\n\n\n<p>\u0130\u015fbu ki\u015fisel verilerin korunmas\u0131 ve i\u015flenmesi hakk\u0131nda ayd\u0131nlatma metninin amac\u0131, veri sorumlusu Tripenia Bili\u015fim Turizm Seyahat Acentas\u0131 ve Ticaret Anonim \u015eirketi (\u201cTURNA\u201d) taraf\u0131ndan i\u015f Instagram sosyal medya platformunda Turna hesab\u0131n\u0131 etiketleyerek payla\u015ft\u0131\u011f\u0131n\u0131z g\u00f6nderilerin (hikaye, post veya reels) Turna Instagram hesab\u0131nda yeniden payla\u015f\u0131lmas\u0131 s\u00fcrecinde i\u015flenen ki\u015fisel verileriniz hakk\u0131nda 6698 say\u0131l\u0131 Ki\u015fisel Verilerin Korunmas\u0131 Kanunu (\u201cKVKK\u201d) kapsam\u0131nda sizi ayd\u0131nlatmakt\u0131r.<\/p>\n\n\n\n<p>Sizinle ilgili ki\u015fisel veriler konusunda ki\u015fisel verilerin i\u015fleme ama\u00e7lar\u0131n\u0131 ve vas\u0131talar\u0131n\u0131 belirleyen, veri kay\u0131t sisteminin kurulmas\u0131ndan ve y\u00f6netilmesinden sorumlu olan TURNA veri sorumlusudur.<\/p>\n\n\n\n<p>Veri Sorumlusu<\/p>\n\n\n\n<p><strong>Tripenia Bili\u015fim Turizm Seyahat Acentas\u0131 ve Ticaret Anonim \u015eirketi&nbsp;<\/strong><\/p>\n\n\n\n<ul class=\"wp-block-list\">\n<li>YT\u00dc Y\u0131ld\u0131z Teknopark, Davutpa\u015fa Kamp\u00fcs\u00fc, C1 Blok No:310 Esenler, \u0130stanbul<\/li>\n\n\n\n<li><a href=\"mailto:tripeniabilisim@hs03.kep.tr\">tripeniabilisim@hs03.kep.tr<\/a><\/li>\n\n\n\n<li><a href=\"mailto:kvkk@turna.com\">kvkk@turna.com<\/a>\u00a0<\/li>\n<\/ul>\n\n\n\n<p>Ki\u015fisel Verilerinizin Toplanmas\u0131<\/p>\n\n\n\n<p>Ki\u015fisel verileriniz, Turna&#8217;y\u0131 etiketleyerek Instagram&#8217;da herkese a\u00e7\u0131k bir g\u00f6nderi (hikaye, post veya reels) payla\u015fman\u0131z ve ard\u0131ndan yeniden payla\u015f\u0131m onay\u0131 vermeniz suretiyle otomatik olmayan y\u00f6ntemlerle elde edilmektedir.<\/p>\n\n\n\n<p>Ki\u015fisel Verilerinizin \u0130\u015flenme Ama\u00e7lar\u0131 ve Hukuki Sebepleri<\/p>\n\n\n\n<p>Turna&#8217;y\u0131 etiketleyerek payla\u015ft\u0131\u011f\u0131n\u0131z Instagram g\u00f6nderinizin Turna hesab\u0131nda yeniden payla\u015f\u0131lmas\u0131 s\u00fcrecinde a\u015fa\u011f\u0131daki ki\u015fisel verileriniz i\u015flenmektedir;<\/p>\n\n\n\n<ul class=\"wp-block-list\">\n<li><strong>Kimlik bilgileriniz,<\/strong> ad soyad\/instagram kullan\u0131c\u0131 ad\u0131 bilginiz<\/li>\n\n\n\n<li><strong>G\u00f6rsel ve i\u015fitsel kay\u0131tlar, <\/strong>Instagram profil foto\u011fraf\u0131, g\u00f6nderi i\u00e7eri\u011finde yer alan g\u00f6rsel\/video<\/li>\n\n\n\n<li><strong>\u0130\u015flem g\u00fcvenli\u011fi bilgileri, <\/strong>Etiketleme tarihi ve saati, onay tarihi ve saati, IP adresi,<\/li>\n<\/ul>\n\n\n\n<p>Faaliyetlerin mevzuata uygun y\u00fcr\u00fct\u00fclmesi, firma \/ \u00fcr\u00fcn \/ hizmetlere ba\u011fl\u0131l\u0131k s\u00fcre\u00e7lerinin y\u00fcr\u00fct\u00fclmesi, ileti\u015fim faaliyetlerinin y\u00fcr\u00fct\u00fclmesi, m\u00fc\u015fteri ili\u015fkileri y\u00f6netimi s\u00fcre\u00e7lerinin y\u00fcr\u00fct\u00fclmesi, reklam \/ kampanya \/ promosyon s\u00fcre\u00e7lerinin y\u00fcr\u00fct\u00fclmesi ama\u00e7lar\u0131yla;<\/p>\n\n\n\n<p>\u0130lgili ki\u015finin kendisi taraf\u0131ndan alenile\u015ftirilmi\u015f olmas\u0131 sebebiyle KVKK Md.5\/2d kapsam\u0131nda i\u015flenecektir.&nbsp;<\/p>\n\n\n\n<p>Ki\u015fisel Verilerinizin Aktar\u0131lmas\u0131<\/p>\n\n\n\n<p>Turnay\u0131 etiketledi\u011finiz g\u00f6nderi Instagram platformunun kendi &#8220;repost&#8221; \u00f6zelli\u011fi kullan\u0131larak payla\u015f\u0131lmaktad\u0131r. Herkese a\u00e7\u0131k olarak payla\u015ft\u0131\u011f\u0131n\u0131z g\u00f6nderiler, alenile\u015ftirme iradenize uygun olarak repost ile herkese a\u00e7\u0131k olarak Turna taraf\u0131ndan yeniden payla\u015f\u0131lacakt\u0131r. Bu i\u015flem s\u0131ras\u0131nda ki\u015fisel verileriniz Instagram (Meta) sistemlerinde kalmaya devam etmekte olup, Meta&#8217;n\u0131n veri i\u015fleme faaliyetlerinden Meta sorumludur.<\/p>\n\n\n\n<p>Saklama s\u00fcresi ve \u0130mha<\/p>\n\n\n\n<p>Hikayeniz, Instagram&#8217;\u0131n hik\u00e2ye payla\u015f\u0131m s\u00fcresi olan 24 saat boyunca Turna hesab\u0131nda herkese a\u00e7\u0131k olarak g\u00f6r\u00fcnt\u00fclenecektir. Post veya reels format\u0131nda payla\u015f\u0131lan g\u00f6nderiler ise payla\u015f\u0131m\u0131n kald\u0131r\u0131lmas\u0131 talep edilene dek Turna hesab\u0131nda yay\u0131nlanmaya devam edecektir. Her zaman Instagram DM (Direct Message) yoluyla veya a\u015fa\u011f\u0131daki ileti\u015fim bilgilerimiz \u00fczerinden ba\u015fvurarak repost edilen g\u00f6nderinin kald\u0131r\u0131lmas\u0131n\u0131 ve Turna hesaplar\u0131ndan silinmesini talep edebilirsiniz. Ayr\u0131ca Turna her zaman kendi hesaplar\u0131ndaki g\u00f6nderileri kald\u0131rmaya veya payla\u015f\u0131m\u0131 durdurmaya yetkilidir.<\/p>\n\n\n\n<p>Ki\u015fisel Verileriniz ile \u0130lgili Haklar\u0131n\u0131z<\/p>\n\n\n\n<p>Kanun kapsam\u0131nda ki\u015fisel verilerinizin i\u015flenmesi ile ilgili haklar\u0131n\u0131z bulunmaktad\u0131r. Bu kapsamda ki\u015fisel verilerinizle ilgili;<\/p>\n\n\n\n<ul class=\"wp-block-list\">\n<li>Ki\u015fisel veri i\u015flenip i\u015flenmedi\u011fini \u00f6\u011frenme,<\/li>\n\n\n\n<li>Ki\u015fisel verileriniz i\u015flenmi\u015fse buna ili\u015fkin bilgi talep etme,<\/li>\n\n\n\n<li>Ki\u015fisel verilerinizin i\u015flenme amac\u0131n\u0131 ve bunlar\u0131n amac\u0131na uygun kullan\u0131l\u0131p kullan\u0131lmad\u0131\u011f\u0131n\u0131 \u00f6\u011frenme,<\/li>\n\n\n\n<li>Yurt i\u00e7inde veya yurt d\u0131\u015f\u0131nda ki\u015fisel verilerinizin aktar\u0131ld\u0131\u011f\u0131 \u00fc\u00e7\u00fcnc\u00fc ki\u015fileri bilme,<\/li>\n\n\n\n<li>Ki\u015fisel verilerinizin eksik veya yanl\u0131\u015f i\u015flenmi\u015f olmas\u0131 h\u00e2linde bunlar\u0131n d\u00fczeltilmesini isteme,<\/li>\n\n\n\n<li>\u0130\u015flenmesini gerektiren sebeplerin ortadan kalkmas\u0131 h\u00e2linde ki\u015fisel verilerinizin silinmesini veya yok edilmesini isteme,<\/li>\n\n\n\n<li>D\u00fczeltme ve silme i\u015flemlerinin, ki\u015fisel verilerinizin aktar\u0131ld\u0131\u011f\u0131 \u00fc\u00e7\u00fcnc\u00fc ki\u015filere bildirilmesini isteme,<\/li>\n\n\n\n<li>\u0130\u015flenen verilerinizin m\u00fcnhas\u0131ran otomatik sistemler vas\u0131tas\u0131yla analiz edilmesi suretiyle aleyhinize bir sonucun ortaya \u00e7\u0131kmas\u0131na itiraz etme,<\/li>\n\n\n\n<li>Ki\u015fisel verilerin kanuna ayk\u0131r\u0131 olarak i\u015flenmesi sebebiyle zarara u\u011framan\u0131z h\u00e2linde zarar\u0131n giderilmesini talep etme<\/li>\n<\/ul>\n\n\n\n<p>Haklar\u0131n\u0131z\u0131, a\u015fa\u011f\u0131da belirtilen y\u00f6ntemlerle bize ba\u015fvurarak kullanabilirsiniz.<\/p>\n\n\n\n<p>Veri Sorumlusuna Ba\u015fvuru Y\u00f6ntemi<\/p>\n\n\n\n<p>Ba\u015fvurunuzu;&nbsp;<\/p>\n\n\n\n<ul class=\"wp-block-list\">\n<li>YT\u00dc Y\u0131ld\u0131z Teknopark, Davutpa\u015fa Kamp\u00fcs\u00fc, C1 Blok No:310 Esenler, \u0130stanbul adresine yaz\u0131l\u0131 olarak,<\/li>\n\n\n\n<li><a href=\"mailto:tripeniabilisim@hs03.kep.tr\">tripeniabilisim@hs03.kep.tr<\/a> adresine kay\u0131tl\u0131 elektronik posta (KEP) adresiniz \u00fczerinden, g\u00fcvenli elektronik imza veya mobil imza ile veya<\/li>\n\n\n\n<li>Sistemlerimizde kay\u0131tl\u0131 ve taraf\u0131n\u0131zca do\u011frulanm\u0131\u015f e-posta adresinizi kullanarak <a href=\"mailto:kvkk@turna.com\">kvkk@turna.com<\/a> adresine e-posta g\u00f6ndererek ger\u00e7ekle\u015ftirebilirsiniz.<\/li>\n<\/ul>\n\n\n\n<p>Ba\u015fvuru yap\u0131l\u0131rken uyulmas\u0131 gereken usul ve esaslar hakk\u0131ndaki daha detayl\u0131 bilgiye Ki\u015fisel Verileri Koruma Kurumu&#8217;nun <a href=\"https:\/\/www.resmigazete.gov.tr\/eskiler\/2018\/03\/20180310-6.htm\" target=\"_blank\" rel=\"noopener\">Veri Sorumlusuna Ba\u015fvuru Usul ve Esaslar\u0131 Hakk\u0131nda Tebli\u011f<\/a>ini inceleyebilirsiniz.<\/p>\n\n    <div class=\"xs_social_share_widget xs_share_url after_content \t\tmain_content  wslu-style-1 wslu-share-box-shaped wslu-fill-colored wslu-none wslu-share-horizontal wslu-theme-font-no wslu-main_content\">\n\n\t\t\n        <ul>\n\t\t\t        <\/ul>\n    <\/div> \n","protected":false},"excerpt":{"rendered":"<p>Ayd\u0131nlatman\u0131n Amac\u0131 ve Veri Sorumlusu \u0130\u015fbu ki\u015fisel verilerin korunmas\u0131 ve i\u015flenmesi hakk\u0131nda ayd\u0131nlatma metninin amac\u0131, veri sorumlusu Tripenia Bili\u015fim Turizm Seyahat Acentas\u0131 ve Ticaret Anonim \u015eirketi (\u201cTURNA\u201d) taraf\u0131ndan i\u015f Instagram sosyal medya platformunda Turna hesab\u0131n\u0131 etiketleyerek payla\u015ft\u0131\u011f\u0131n\u0131z g\u00f6nderilerin (hikaye, post veya reels) Turna Instagram hesab\u0131nda yeniden payla\u015f\u0131lmas\u0131 s\u00fcrecinde i\u015flenen ki\u015fisel verileriniz hakk\u0131nda 6698 say\u0131l\u0131 Ki\u015fisel [&hellip;]<\/p>\n","protected":false},"author":41,"featured_media":0,"parent":0,"menu_order":0,"comment_status":"closed","ping_status":"closed","template":"","meta":{"rop_custom_images_group":[],"rop_custom_messages_group":[],"rop_publish_now":"initial","rop_publish_now_accounts":[],"rop_publish_now_history":[],"rop_publish_now_status":"pending","_cloudinary_featured_overwrite":false,"footnotes":""},"class_list":["post-25668","page","type-page","status-publish","hentry"],"_links":{"self":[{"href":"https:\/\/www.turna.com\/blog\/wp-json\/wp\/v2\/pages\/25668","targetHints":{"allow":["GET"]}}],"collection":[{"href":"https:\/\/www.turna.com\/blog\/wp-json\/wp\/v2\/pages"}],"about":[{"href":"https:\/\/www.turna.com\/blog\/wp-json\/wp\/v2\/types\/page"}],"author":[{"embeddable":true,"href":"https:\/\/www.turna.com\/blog\/wp-json\/wp\/v2\/users\/41"}],"replies":[{"embeddable":true,"href":"https:\/\/www.turna.com\/blog\/wp-json\/wp\/v2\/comments?post=25668"}],"version-history":[{"count":0,"href":"https:\/\/www.turna.com\/blog\/wp-json\/wp\/v2\/pages\/25668\/revisions"}],"wp:attachment":[{"href":"https:\/\/www.turna.com\/blog\/wp-json\/wp\/v2\/media?parent=25668"}],"curies":[{"name":"wp","href":"https:\/\/api.w.org\/{rel}","templated":true}]}}